24) - (3 - (-17439)/p) a prime number?
False
Let h be 121*230*18/1350*30. Suppose -2*d + 7*d - 25 = 0. Suppose -4327 = d*u - h. Is u a composite number?
False
Suppose -b + 3 = 0, 0 = -u + 2712*b - 2714*b + 252743. Is u prime?
True
Let g(l) = -2*l**3 + 9*l**2 + 13*l + 19. Let o(c) = -3*c + 27. Let k be o(8). Suppose k*s - 42 = 10*s. Is g(s) composite?
True
Suppose a + 2*v + 2912 + 1565 = 0, -4*a = -2*v + 17878. Let r = 10892 + a. Is r a prime number?
True
Is 131*1039 + ((-15)/(-25) - (-66)/(-110)) a prime number?
False
Suppose 9*u = 7*u. Suppose u = -3*x + 2*o + 3877, -4*o + 6449 = 5*x - o. Is x a composite number?
False
Suppose 4818 - 1336 = -61*f - 2984. Suppose 351 = -q + 4*q. Let o = q + f. Is o a prime number?
True
Suppose 151 + 206 = 7*m. Let u(t) = -6 - 2 + 1 + 14 + m*t. Is u(4) a prime number?
True
Let l(k) = 254*k + 87. Let d = 58 + -45. Is l(d) a prime number?
True
Let c = 318 + -310. Suppose h - 3*v + 2660 = 5*h, 2*v = c. Is h composite?
True
Suppose 0 = -43*h + 50*h - 14. Suppose 40818 = 8*a - h*a. Is a a composite number?
False
Suppose 0 = 10*v + 15*v - 79475. Suppose 8*q - 3*q = -4*k + v, -3*q + 9 = 0. Is k a composite number?
True
Let y = -232 - -161. Let r = 977 + y. Let l = r + -463. Is l a composite number?
False
Is ((-33)/7 - -5) + 1211715/315 composite?
False
Let k(m) = -273*m**3 + 19*m**2 + 44*m + 347. Is k(-10) a composite number?
True
Let h(u) = u + 2. Let g(o) = -1449*o + 43. Let w(i) = -g(i) + 3*h(i). Is w(10) composite?
True
Is (-31)/31*-28717 + (-12)/1 prime?
False
Let b(z) = 2*z**2 - 6*z + 8. Let f be b(5). Suppose 0 = -r - 3*g + 8945, 3*r + 29*g - 26819 = f*g. Is r composite?
True
Let m = 491038 - 258119. Is m a composite number?
False
Let w = -470 - -922. Suppose w = k - 69. Is k prime?
True
Is 6419803/(-676)*((-6)/1 + -2) a prime number?
False
Suppose -5*f - 52692 = -3*w, 0*w + 3*f + 87836 = 5*w. Is w a composite number?
False
Let m be (-490110)/(-31)*2/2. Suppose 13*w - 14*w = 5*i - m, -i + 3183 = -4*w. Is i prime?
True
Let f(o) = -1301*o**2 + o + 20. Let a be f(-4). Let l = a + 40122. Is l a composite number?
True
Let b(y) = -896*y + 43. Suppose 4*f - 3*f = 2*k + 18, -f + 2 = 0. Is b(k) prime?
True
Let d be 6 - ((-458)/6)/1*666. Suppose 0 = 3*p + 2*w - 76271, -2*p + 0*w = 2*w - d. Is p prime?
False
Let f be ((-108)/24)/((-3)/514). Let a = 1468 - f. Is a a prime number?
False
Is (-3)/(13 + 95634928/(-7356529)) composite?
False
Suppose -72*d + 4306994 = 134*d - 12*d. Is d a composite number?
True
Let d = -33522 - -184945. Is d a composite number?
False
Suppose 21*a = -19*a + 9*a + 118699. Is a a prime number?
False
Suppose 15*y = 183 + 432. Let n(q) = q**3 - 38*q**2 - 82*q - 48. Is n(y) prime?
False
Let z(p) be the second derivative of 2*p**4/3 + 17*p**3/6 - 2*p**2 - 3*p + 5. Let s(n) = -3*n - 4. Let w be s(-5). Is z(w) a prime number?
True
Suppose 0 = 4*f - 3*y - 37890, 2*f - 13540 = 4*y + 5410. Let s = f + -1852. Is s composite?
True
Let y = 592 + -587. Suppose 0 = -y*a - 5, -n - 4*n + a + 21131 = 0. Is n a composite number?
True
Suppose m - r = 177731, -3*r - 177727 = 287*m - 288*m. Is m composite?
True
Suppose 149747 = 11566*c - 11553*c. Is c prime?
True
Let i(f) = 149*f - 2. Let k be i(1). Let s = k - -172. Is s a prime number?
False
Suppose 16763855 = 5*y + 5*z, 10058281 = -72*y + 75*y - z. Is y a composite number?
False
Suppose 936640 = 21*q - 592517. Is q prime?
True
Suppose 91*y - 55*y = 756. Suppose y*b - 167067 = -31785. Is b a composite number?
True
Suppose 0 = -9*b - 3*b - 0*b + 5261076. Is b a prime number?
False
Let b(r) = -r**3 - r**2 + 3*r - 11. Let x be b(-5). Suppose -54 = 5*h - x. Suppose -5*q = 4*s - 421, -4*s + 0*q = -h*q - 448. Is s prime?
True
Suppose 11219 = -4*q + 2*g + g, 0 = -2*q - 4*g - 5626. Let v = -1936 - q. Is v a composite number?
True
Suppose -8*y - 14106 = 8406. Let w = 6113 + y. Is w a prime number?
True
Let t = 555606 - 373867. Is t composite?
False
Let n(w) = 4*w**2 + 4*w - 3. Let j be n(-2). Suppose 0 = -j*y - x - 72, x = 5*y - 3*x + 62. Let z(f) = -f**3 - 9*f**2 + 18*f - 27. Is z(y) a prime number?
True
Let v(d) = -112*d**3 + 146*d**2 + 11*d - 158. Is v(-21) a composite number?
False
Is ((-500)/(-30))/(-25)*634884/(-8) a prime number?
False
Let d = 1968324 + -1153677. Is d composite?
True
Let h = 123989 - 71724. Is h prime?
False
Let l be ((-2)/(-4))/(24/144) + -3. Suppose 2*x + 184 - 172 = l. Let v(r) = 204*r**2 + 13*r + 7. Is v(x) a composite number?
True
Suppose -3*r = 4*t - 211103, 0 = -t + 99*r - 97*r + 52751. Is t a composite number?
False
Let t = 91843 + -56657. Let s = -24837 + t. Is s a prime number?
False
Suppose 0 = 2*d + 5*k, -3*k - 14 = -2*d - k. Suppose -4*t - 4*j = -165880, d*t - 22*j + 19*j = 207326. Is t a prime number?
True
Suppose -492 = -9*m + 750. Let c = -115 - -380. Let q = c - m. Is q a prime number?
True
Let x = -512 - -516. Is (-1 - 40/(-24))/(x/31254) prime?
True
Let l(x) = 2*x + 50. Let t be l(-25). Suppose -4*u - 5*i + 9177 = 0, 0*i + 5*i - 5 = t. Is u a prime number?
True
Let w(j) = -1162*j**3 + 21*j**2 + 48*j + 329. Is w(-6) prime?
True
Let c(g) = -4 - 269*g - 107*g + 1. Let w be ((-2)/(-4) + 0)/(-1)*2. Is c(w) composite?
False
Let b = -674 - 4579. Let d = -3718 - b. Is d composite?
True
Suppose -5*a + 957312 = -41*p + 39*p, -4*p = -2*a + 382928. Is a composite?
True
Let s(k) = -140*k**3 + 28*k**2 + 73*k + 162. Is s(-19) a composite number?
True
Suppose -31 = 5*v - 11, -4*v = -4*z + 16. Suppose z*p + p - 3 = 0. Suppose -p*d + 1663 = -5*o, -2*o - 637 = 4*d - 2837. Is d composite?
True
Let w = 218745 - 150624. Suppose w = 10*m - 149509. Is m composite?
True
Let s(f) = 207*f**2 - 63*f + 1087. Is s(25) prime?
False
Let a(v) = 90*v**3 - 12*v**2 + 2*v + 1. Let c be a(5). Suppose 5*w = 4*t + 22473, 11496 + c = 5*w + 4*t. Is w composite?
False
Let h = 410 + -407. Let v(t) = 38*t**3 - 3*t**2 - 2*t + 2. Is v(h) composite?
True
Let h(x) = 3719*x**2 + 29*x + 33. Is h(7) composite?
False
Suppose 21*d + 97*d - 157107 = 16471. Is d a prime number?
True
Let u(z) = -z**2 + 1. Let x be u(-1). Suppose -2*r = -8, -5*a - r - 4161 + 20810 = x. Is a a prime number?
True
Let d = -63 + 66. Suppose 11*g - 9*g - 2136 = -a, -d*g + 4*a = -3193. Is g composite?
True
Let m = -1 + 13. Suppose -6*q + 2*q + m = 0. Suppose -3*p = 2*p - q*z - 203, 2*p - 78 = 2*z. Is p prime?
True
Let m = -445670 - -744991. Is m composite?
True
Let k(f) = 3*f**2 - 17*f + 37 + 20*f**3 - 68 + 28 - 4*f**2. Is k(8) a composite number?
False
Suppose -134*b = -135*b + 35. Suppose -3*o - 8278 = -5*v, -b*v = -31*v + 5*o - 6615. Is v prime?
False
Let l(f) = -7*f**3 - 36*f**2 - 65*f + 61. Is l(-26) composite?
False
Let r be (-4)/(-2)*22/22. Suppose -r*v = o - 5867, 5256 - 22807 = -3*o + 4*v. Is o a prime number?
True
Let g(p) = 423*p**2 + 34*p + 55. Is g(18) a prime number?
False
Let r = 82 + -1178. Let m = -443 - r. Is m a prime number?
True
Let q(w) = -w**2 - w - 1. Let p be q(7). Let i = p + 65. Suppose i*o - 1134 = 858. Is o a composite number?
True
Suppose 0 = w - 3*o + 4, 10*w - 6*w = -4*o + 16. Suppose w*q + 9*q - 82742 = 0. Is q a prime number?
False
Suppose -p = l - 2*l - 20, 2*p - 3*l - 43 = 0. Suppose -p = 9*a - 53. Suppose a*y - 4020 = 2720. Is y a composite number?
True
Suppose 151 + 105 = 64*m. Let c(b) = 4*b - 3. Let k be c(2). Suppose -2*v - 907 = -4*v + s, -k*v - m*s + 2274 = 0. Is v composite?
True
Let k be 1019*6*8/6. Suppose -10*t = -14*t + k. Suppose t = 5*y + 573. Is y prime?
True
Suppose -7*y + 2*y = -82530. Suppose 13*t - 16*t + 3*u + y = 0, -5*t + 27460 = 5*u. Is t a composite number?
True
Let x(n) = -1174*n - 2171. Is x(-27) a prime number?
True
Suppose 4*v = 3*h + 48730, 0 = -24*v - 7*h + 3*h + 292512. Is v a prime number?
False
Let i(h) = 320*h**2 + 25*h + 97. Is i(10) prime?
False
Is (-41)/((-123)/2) + 62875/3 a composite number?
False
Let x(l) = l**2 - 32*l + 178. Let p be x(25). Suppose 5*h = p*s + 40270, -20 = -14*s + 10*s. Is h a prime number?
False
Let m = -150 + -123. Let p = 2835 - 103. Let i = m + p. Is i a composite number?
False
Suppose -2*w - 4*y - 1 = 3, -w = 4*y + 6. Suppose q - w = -5. Let c(v) = -84*v + 7. Is c(q) a composite number?
True
Let j = 70149 - -83000. Is j a composite number?
True
Let i = 86147 - 54460. Is i composite?
False
Suppose -3*a + 7*a = -